087 and 39815429?
2153
What is the highest common factor of 8115486 and 106?
2
Calculate the highest common divisor of 356 and 2845872.
4
What is the greatest common divisor of 24030 and 13210270?
890
Calculate the greatest common factor of 7015 and 14688007.
1403
Calculate the highest common factor of 110866515 and 105.
15
Calculate the greatest common factor of 21981869 and 91.
91
What is the greatest common factor of 18 and 203063?
1
Calculate the highest common divisor of 25729242 and 3542.
154
What is the highest common divisor of 1560 and 238215?
15
Calculate the greatest common factor of 758941 and 7.
1
Calculate the highest common divisor of 93972 and 213.
3
What is the greatest common divisor of 147 and 463660638?
147
What is the highest common divisor of 725819410 and 10?
10
Calculate the greatest common factor of 40230 and 18344433.
447
Calculate the greatest common factor of 406750 and 1250.
250
What is the highest common factor of 290421080 and 13775?
2755
What is the highest common factor of 1321588 and 1740?
116
Calculate the highest common divisor of 351 and 2427633.
117
Calculate the highest common factor of 3063792 and 76880.
496
Calculate the highest common factor of 201527 and 49.
1
Calculate the highest common divisor of 3136 and 285082.
98
Calculate the highest common factor of 28580568 and 24.
24
Calculate the greatest common factor of 83 and 115408.
1
What is the greatest common divisor of 1772458 and 3938?
358
What is the highest common factor of 28161795 and 62?
31
Calculate the greatest common divisor of 592415 and 83699.
1087
Calculate the greatest common divisor of 12664980 and 270.
90
What is the highest common factor of 19625316 and 11361?
1623
Calculate the highest common divisor of 35 and 306603010.
35
What is the greatest common divisor of 6265 and 90037?
179
What is the highest common divisor of 64 and 1603114048?
64
Calculate the greatest common divisor of 4000 and 5929344.
32
Calculate the greatest common factor of 168365526 and 21.
21
What is the highest common factor of 2473560 and 220?
20
What is the highest common divisor of 15163 and 3263129?
257
What is the greatest common divisor of 26624343 and 158?
79
Calculate the highest common factor of 276107 and 2377817.
4121
Calculate the highest common factor of 103003832 and 13704.
4568
What is the greatest common factor of 48984 and 48972?
12
Calculate the greatest common factor of 15571856 and 178944.
3728
What is the highest common divisor of 182798428 and 4?
4
What is the greatest common divisor of 1791 and 374587053?
597
What is the greatest common factor of 3134432 and 14112?
1568
What is the highest common factor of 35417 and 1309436?
331
Calculate the highest common divisor of 32189798 and 4.
2
Calculate the greatest common factor of 96 and 7065312.
96
Calculate the highest common factor of 18 and 478430094.
6
Calculate the greatest common divisor of 634055268 and 4873.
4873
What is the greatest common divisor of 3204 and 97862442?
534
Calculate the highest common factor of 42626364 and 12.
12
What is the greatest common factor of 7455 and 20165565?
105
Calculate the greatest common divisor of 1120 and 38188.
4
Calculate the greatest common divisor of 1099 and 218928493.
1099
What is the highest common factor of 1256602 and 2?
2
What is the greatest common factor of 333 and 23341117?
37
What is the highest common factor of 88 and 1752572?
4
What is the greatest common factor of 152306 and 9119698?
602
Calculate the greatest common divisor of 18662217 and 27615.
5523
Calculate the greatest common divisor of 330 and 181133205.
165
Calculate the greatest common divisor of 10254218 and 78.
26
What is the greatest common factor of 140844 and 371712?
1452
Calculate the highest common factor of 666248 and 407.
11
What is the highest common divisor of 38511 and 7227?
99
What is the greatest common divisor of 8 and 45444238?
2
Calculate the greatest common divisor of 714 and 23421174.
42
Calculate the greatest common divisor of 102400 and 15025.
25
What is the highest common factor of 1180014 and 357?
3
Calculate the greatest common factor of 4 and 15389288.
4
Calculate the greatest common factor of 44028 and 33.
3
Calculate the greatest common divisor of 145416711 and 726.
363
What is the greatest common factor of 3832280 and 15320?
40
Calculate the greatest common divisor of 203 and 177248.
29
What is the highest common divisor of 51 and 8341271?
17
Calculate the greatest common factor of 966208 and 186.
62
Calculate the highest common factor of 5508840 and 2505.
15
What is the greatest common factor of 19544 and 1585948?
28
Calculate the highest common divisor of 646 and 2785742.
38
What is the highest common divisor of 893 and 8235246?
893
Calculate the highest common factor of 4939 and 123211.
11
Calculate the highest common factor of 6860 and 8456420.
980
What is the greatest common divisor of 12958401 and 1212?
303
What is the highest common factor of 3152 and 30447532?
788
What is the highest common divisor of 7774 and 16557775?
169
Calculate the greatest common divisor of 1395064 and 50298.
166
What is the highest common divisor of 20438751 and 397?
397
What is the greatest common divisor of 19784877 and 112?
7
Calculate the greatest common divisor of 596224 and 36442.
274
Calculate the highest common divisor of 23693304 and 418.
38
Calculate the highest common factor of 475 and 66192390.
95
Calculate the greatest common factor of 20553 and 187976157.
1581
What is the highest common divisor of 391231170 and 99?
99
Calculate the highest common divisor of 222076 and 1012516.
3764
Calculate the greatest common factor of 288 and 198888.
24
What is the highest common divisor of 4814 and 22232463?
83
Calculate the highest common factor of 68401957 and 42497.
6071
What is the highest common divisor of 1805 and 1820485?
95
Calculate the greatest common factor of 13810 and 78933817.
1381
What is the highest common divisor of 64125176 and 8808?
2936
Calculate the greatest common factor of 1569951033 and 98.
49
Calculate the greatest common divisor of 34942990 and 263755.
9095
What is the highest common factor of 2201865 and 10860?
2715
What is the greatest common divisor of 408 and 46651740?
204
Calculate the greatest common factor of 18192 and 69199336.
3032
What is the greatest common factor of 7421076 and 21038?
314
What is the greatest common factor of 284484 and 2355?
471
Calculate the greatest common divisor of 24520472 and 8.
8
Calculate the greatest common divisor of 28005 and 4305.
15
What is the greatest common factor of 26091744 and 448?
224
Calculate the greatest common divisor of 22249864 and 71656.
1352
Calculate the greatest common divisor of 3626 and 1527360.
74
What is the greatest common divisor of 360585 and 20115?
135
What is the highest common divisor of 55386 and 35514?
18
What is the greatest common factor of 1785303 and 2808?
117
Calculate the highest common factor of 18137 and 4102.
7
What is the greatest common divisor of 17050 and 94457?
341
Calculate the greatest common divisor of 1857441 and 402.
201
Calculate the greatest common factor of 999 and 346888764.
999
Calculate the greatest common factor of 40978206 and 288.
18
Calculate the highest common factor of 176178156 and 252.
84
Calculate the greatest common divisor of 17 and 756823.
17
What is the highest common factor of 180290 and 1580890?
1490
What is the highest common divisor of 22997 and 6553391?
377
What is the highest common factor of 6603 and 4022079?
213
What is the greatest common divisor of 47561 and 3507564?
239
What is the greatest common divisor of 176441 and 8077614?
2417
Calculate the highest common divisor of 1032425408 and 1344.
448
Calculate the greatest common factor of 47301759 and 1431.
27
Calculate the greatest common divisor of 109608 and 152021729.
4567
Calculate the greatest common divisor of 688 and 22221841.
43
Calculate the greatest common factor of 1625820 and 68730.
2370
Calculate the highest common factor of 377 and 1553501.
29
What is the greatest common divisor of 3780658 and 3477?
1159
Calculate the greatest common divisor of 119 and 252892.
17
What is the highest common factor of 2344724 and 25140?
1676
What is the greatest common divi